-8*m(b) + s(b). Determine g(-17).
14
Let i be (-3)/(1*(-6)/16). Suppose i*y - 3*y = -460. Let t = 89 + y. Let p(h) = -h**3 - 2*h**2 + h - 1. Calculate p(t).
5
Let h(n) = -2*n**2 + 3*n + 1. Suppose 2*m + m + 5*k = -5, -12 = 3*k. Suppose 0 = -m*y - 2*p + 6*p - 269, -3*y - p - 175 = 0. Let g = -54 - y. Calculate h(g).
-8
Let t(d) = d**2 + 8*d - 16. Let q(p) = p**2 + 8*p - 17. Let n(y) = -6*q(y) + 5*t(y). What is n(-10)?
2
Let o(i) = 13*i - 50. Let j(c) = -22*c + 98. Let d(s) = 3*j(s) + 5*o(s). Give d(-29).
73
Let y(o) = -4*o**2 - 68*o - 118. Let c be y(-15). Let r(f) = -2*f**2 - 9*f + 5. Calculate r(c).
-21
Let a = 703 + -692. Let w(c) = -331*c**2 - a + 330*c**2 + 9. Determine w(0).
-2
Let h be (-658)/(-6) + (-6)/9. Suppose -141 = -25*x + h. Let u(c) = 3*c - 27. Give u(x).
3
Let v(w) be the second derivative of w**4/6 + 25*w**3/6 + 47*w**2/2 - 1699*w. What is v(-2)?
5
Suppose 40*x - 126 - 33 = -13*x. Let r(f) = -3*f**3 - 7*f**2 + 7*f + 5. Let z(d) = -d**3 - d**2 + d + 1. Let h(l) = r(l) - 4*z(l). Give h(x).
10
Let g(k) = -2*k**3 + 12*k**2 - 7*k - 8. Let q be g(5). Suppose -2*n + 2 = -2. Let r(o) = 29*o**3 - 16*o**3 - 7*o**2 - 12*o**3 + n*o - 7 + o. What is r(q)?
14
Let u(k) = -k**3 + 4*k**2 + 5*k + 4. Let h be ((-36)/30)/((-6)/15). Suppose 0 = 5*x - o - 29, h*o + 0*o + 12 = 0. Determine u(x).
4
Let n = -178 + 183. Suppose 3*b - 61 = 5*m, 3*m - n*b + 10 + 33 = 0. Let y(t) = -t**3 - 11*t**2 - t - 8. Give y(m).
3
Let s = 173 - 166. Let p(l) = 5*l - 7. Let w(r) = 7*r - 7. Let j(i) = -3*p(i) + 2*w(i). Determine j(s).
0
Let l(c) = -c. Let n(o) = -5*o - 9. Let u = 22 + -28. Let t(b) = b. Let p(k) = u*t(k) - n(k). Let w be p(11). Calculate l(w).
2
Suppose 0 = -5*u + 18*u + 3952. Let p = 301 + u. Let n(r) be the second derivative of r**5/20 + r**4/6 + r**2 + 3*r. What is n(p)?
-7
Let r be 6/(-3)*(11 + -52). Suppose -r = 6*f - 76. Let d(s) = -2*s**2 + 2*s + 1. Determine d(f).
-3
Let y(h) be the second derivative of -5*h**4/12 - 5*h**3/6 + 3*h**2/2 + 762*h. Determine y(1).
-7
Let j(m) = 5*m - 25. Let p be j(6). Let z be (p/((-15)/(-26)))/(28/42). Let g = -17 + z. Let w(k) = -k**2 - 2*k. What is w(g)?
-8
Let g(b) = -b**3 + 2*b**2 + 2*b. Let h(k) = 3*k**3 - 11*k**2 - 4*k - 5. Let c(y) = 4*g(y) + h(y). Suppose 0*m + 3*m = 0. Suppose -2*r + m*r - 8 = 0. Give c(r).
-5
Let i(p) = -p**2 + 38*p - 111. Suppose -17*s = u - 20*s - 53, 145 = 5*u + 5*s. What is i(u)?
-6
Let i(d) = -2*d - 12. Let v(y) = -11*y - 160. Let p(x) = 4*i(x) - v(x). Give p(-26).
34
Let k(b) = -b**2 + 15*b. Let w = -6098 - -6111. Determine k(w).
26
Let q be (-1 - -1)/(-54 - -59). Let b(f) = f**2 - 2*f + 61. What is b(q)?
61
Let p(b) = b - 21. Let v(t) = -2*t + 75. Let l(d) = -4*p(d) - v(d). Let u(h) = 7*h**2 + 2*h - 1. Let z be u(-1). Calculate l(z).
1
Suppose -v = -5*d - 1, -2*d + 9 = -5*v - 32. Let z(w) be the second derivative of -7/2*w**2 + 2/3*w**4 - 2*w + 1/20*w**5 + 0 - 5/3*w**3. Calculate z(v).
2
Let u = -10879 + 10868. Let b(x) be the third derivative of -x**5/60 - 5*x**4/12 + x**3/2 - x**2. Calculate b(u).
-8
Let i(o) = o**3 - 10*o**2 + 19*o - 19. Let j be 8/(-6)*252/(-48). Let q be (-1)/j + 19/7*3. Let z be i(q). Let x(f) = f - 2. Determine x(z).
3
Let a be ((-2)/4)/((9/(-42))/(18/(-7))). Let p(o) = -3 - o + o**3 - 8*o + 2*o**2 - 5 + 3*o**2. Calculate p(a).
10
Let l(z) = -4*z + 1. Let w(q) = 5*q**2 - 22*q + 9. Let a(m) = -2*m**2 + 7*m - 3. Let c(r) = -8*a(r) - 3*w(r). Let u(b) = 2*c(b) + 7*l(b). Give u(6).
25
Let k(p) be the first derivative of -155 + 5*p**2 - 2*p + 1/3*p**3. Give k(-9).
-11
Let d(y) = y**2 + 23*y - 251. Let b = -35336 - -35305. Determine d(b).
-3
Let x = 21224 + -21240. Let h(z) = 23*z + 357. Determine h(x).
-11
Let h(q) be the third derivative of 2*q**4/3 + 7*q**2 - 205. Give h(2).
32
Let l = -29 - -37. Suppose -u + 3*j + 9 + 1 = 0, -2*j + 20 = 2*u. Let v = l - u. Let d(g) = -4*g - 2. Give d(v).
6
Let s(j) = j**2 + 6*j - 1. Let p = -503 + 534. Suppose -p - 14 = 9*h. Determine s(h).
-6
Let c(t) be the second derivative of -t**5/10 + 19*t**4/3 + 79*t**3/6 - 37*t**2/2 - 183*t. Let a be c(39). Let w(v) = -10*v + 3. Calculate w(a).
-17
Suppose -7*s - 11*s = 0. Suppose -w + s - 9 = 0. Let m(c) = c**2 + 10*c + 6. What is m(w)?
-3
Let c(w) = w. Let f(z) be the second derivative of -z**3/2 + z**2/2 - 38*z. Let l(v) = -5*c(v) - f(v). Give l(-4).
7
Let g(q) be the second derivative of 7*q**3/6 + 18*q**2 - 9*q + 132. What is g(-12)?
-48
Let m(u) be the second derivative of -u**5/20 + 2*u**4/3 - 3*u**3/2 + 4*u**2 + u. Let z = 166 + -172. Let k be (2*3)/2 + (z - -10). Determine m(k).
-6
Suppose 2*j - 10 = 5*r, -2*j = 2*r - r + 2. Suppose j*k - 2*k - 22 = 0. Let s = k + 12. Let u(t) = 11*t. Calculate u(s).
11
Let i = -17855 + 17893. Let q(n) be the second derivative of 1/12*n**4 + i*n + 0 - n**2 - n**3. Give q(6).
-2
Let j(k) = -2 + 2*k**3 + k**3 - 4*k**2 - 3*k**3 + k + k**3. Let y = 71 - 48. Suppose 8*p = 1 + y. Determine j(p).
-8
Let g(i) be the third derivative of -i**6/20 + i**4/12 - 2*i**3/3 - 2*i**2 + 4*i + 3. Give g(2).
-48
Let d(t) be the first derivative of -5*t + 275 + 1/4*t**4 - 2*t**3 - 7/2*t**2. What is d(7)?
-5
Let h = 30 - 30. Let j(v) = v**3 + h - v**2 + 1 + 76*v - 77*v. Let f(x) = -5*x**3 + 12*x**2 + 12*x. Let n(b) = -f(b) - 6*j(b). Calculate n(-4).
-14
Let q(y) = y**2 + 24*y + 3 - 96*y + 31*y - 11 + 33*y. Give q(10).
12
Let s(q) = -3*q**3 + 13*q**2 + 7*q - 47. Let t(x) = -x**3 - 2*x**2 + 2*x. Let u(b) = -s(b) + 2*t(b). Calculate u(17).
-4
Let d = 44 - 42. Let l(o) = -2*o - 61 + d*o**2 - o**3 - 9*o**2 + 56. Determine l(-7).
9
Suppose -2*z = 2*l - 18, -l + 23*z - 11 = 19*z. Let q(r) = r**2 + 3*r - 6. Let a(x) = -x**2 - 2*x + 5. Let t(v) = -7*a(v) - 6*q(v). Give t(l).
6
Let k = -1 + 6. Let j(x) = -3845*x - x**2 + 1917*x - 1 + 1934*x. What is j(k)?
4
Let w(v) = -9*v + 0*v + 4*v - v**2 + 24 - 20. Suppose -2*n = -25 + 41. Let h be 60/n*(-6)/(-9). Determine w(h).
4
Let b(m) = -m**3 - 75 + 8*m**2 - 98 - 11*m + 186. Calculate b(6).
19
Suppose 0 = -3*o - 269 - 208. Let i = o - -154. Let w(k) = k**3 + 4*k**2 - 4*k - 2. Give w(i).
-7
Let f(q) = 31*q + 76. Let k be f(-9). Let y = 207 + k. Let u(o) = -o + 6. What is u(y)?
2
Let r(o) = -56*o**2 - 63*o**2 + 11 + 5*o - 60*o**2 + 178*o**2. Calculate r(7).
-3
Let d(n) = -1667*n - n**2 + 500*n + 674*n + 500*n. Let r be -1 + 1/1 + 3. What is d(r)?
12
Let l(m) = -13*m + 102. Suppose 17*f = -120*f + 1096. Calculate l(f).
-2
Suppose 0 = 9*x - 60 - 48. Let c(r) = r**2 - 16*r + 48. Let h be c(x). Let f(b) = -3*b - 2. Determine f(h).
-2
Let a(o) be the first derivative of 1/4*o**4 + 58 - 8*o + 7/3*o**3 - o**2. Suppose 5*c + 10 = -25. What is a(c)?
6
Let b(g) = 2*g**3 + g**2. Let x = -3637 + 3636. Calculate b(x).
-1
Let d(y) = -y**2 + 2*y. Let x(p) = -p - 2. Let t(s) be the second derivative of s**3/6 + s**2/2 + 6*s. Let m(v) = -4*t(v) - 3*x(v). Let r be m(-1). Give d(r).
-3
Let r(i) = 3*i + 6. Suppose 5*t = -13 + 28. Let k(j) = -3*j - 6. Let y(o) = t*r(o) + 2*k(o). Suppose -5*v - 10 = -3*v. Give y(v).
-9
Let f(r) be the third derivative of -r**9/60480 + r**8/10080 + r**6/360 + 7*r**5/20 - r**4/24 - 158*r**2. Let u(i) be the third derivative of f(i). Give u(4).
-30
Let j be 162/(-108) + (-75)/(-10) - 2. Let l = 6 - 2. Let k(h) = -l*h - 3 - h**3 + 2 + 5*h**2 + 5. Determine k(j).
4
Let c(j) be the first derivative of -3*j**2/2 - 22*j - 1204. What is c(13)?
-61
Let j(u) be the second derivative of 5*u**2 + 0 - 56*u + 1/3*u**3. Determine j(-6).
-2
Suppose 0 = -2*v + 33 - 29. Suppose -14 = -2*d - v*x - 6, -4*x = d - 13. Let s(n) = 2*n**2 + n - 1. What is s(d)?
2
Suppose 30 = 2*i - 7*i. Let j be (-4)/(-18) - i/(-27). Let r(x) = -20 + 29304*x**3 + 29298*x**3 + x - 58603*x**3 - x**2. What is r(j)?
-20
Let m(a) be the third derivative of -31*a**2 + 0 - 7/24*a**4 + 0*a + 1/60*a**5 + 2/3*a**3. Calculate m(6).
-2
Let d(w) = w**3 - w**2 - 28. Let b be (4/(-6))/(4/(-3) + 1). Suppose 8*y - 4*y + 2*t = -4, b*y - 4*t = 8. What is d(y)?
-28
Let m be 14/(9 + -9 + (1 - 2)). Let t(c) = c**2 - 14*c - 386. Calculate t(m).
6
Suppose 4*c = -3 + 15. Suppose -2*v + c = -3*o + 13, 0 = 2*o - 4*v + 4. Let y(k) = o + 4 + k**2 - 11*k + 3. What is y(9)?
-5
Let t(x) = -x + 3. Let i = 376 + -376. Determine t(i).
3
Let x(q) = 874*q**3 + 8*q**2 - 435*q**3 + q**2 + 16 - 440